 be 3/15 + (-8)/(-10). What is the tens digit of (x + 37)*9/18?
1
Let n(m) be the first derivative of m**2/2 + m - 2. Let u be n(7). Suppose 3*t + 4*y - 5 = 0, 2 = -2*t - 2*y + u. What is the units digit of t?
7
Suppose 10 = 6*a - 4*a. Suppose 2*m + 12 = 3*c, -a*m = -c - 0 + 4. What is the units digit of c?
4
Suppose 0*v = v + 4. Let p = v - -11. What is the units digit of 136/14 + 2/p?
0
Let v(y) = y**2 - 10*y + 3. Let f be v(10). Suppose -20 - f = -o. What is the tens digit of o?
2
Let p(v) = 2*v**2 + v**2 - 1 - 4*v + 7 + 6*v. What is the units digit of p(-4)?
6
Let q be 2 - -2*9/6. Suppose q*c = -b + 19, -9 - 9 = -2*c - 3*b. What is the units digit of c?
3
Suppose -2*q + 4*i + 596 = 0, -5*q + 2*q = 4*i - 854. What is the tens digit of q?
9
Let f = 28 + 6. What is the units digit of f?
4
Let b = 107 - 93. What is the units digit of b?
4
Suppose 0*o + 196 = 7*o. What is the units digit of o?
8
Suppose g = -4*y + 4, 0 = 3*g + y - 28 - 6. What is the units digit of g?
2
Let g(l) = 2*l - 6. Let a be 4/14 - 80/(-14). Let m be g(a). Let p = m - 3. What is the units digit of p?
3
Suppose x - 2*x = -14. What is the tens digit of (-580)/(-35) - (-6)/x?
1
Suppose -3*i = -4*b + 29, -2*i - 37 = -5*b + 2*i. Let p = 5 - 2. Suppose -g - p*h = -3 - 6, 10 = b*h. What is the units digit of g?
3
Let m(x) = -x + 10. Let r be m(8). Let n be ((-15)/r)/((-2)/4). Let c = -7 + n. What is the units digit of c?
8
Let l be (-8)/(-8)*3*1. Suppose 5*u - 5*y + 3 - 43 = 0, 0 = 4*u + l*y - 4. What is the units digit of u/((-8)/3)*-2?
3
Suppose 0 = 3*o - 8*o + 4*a + 55, 3*o = -4*a + 33. Let h = 23 - o. What is the units digit of h?
2
Suppose u + 0*u = 2. Let p(m) = -2 + 3*m**2 + m**2 + m - 2*m. What is the units digit of p(u)?
2
Let j = 0 + 2. Suppose 3*z = -z + i + 5, -z + i + j = 0. Suppose 4*q - 3*q - z = 0. What is the units digit of q?
1
Let j(z) = -z**3 + 8*z**2 - 5*z - 3. What is the units digit of j(5)?
7
Let s = 32 + 17. What is the tens digit of s?
4
Suppose 16 + 6 = -2*t. Let f = 24 + t. What is the units digit of f?
3
Suppose 2*t + 2*k - 9 = 5, -5*k + 5 = 0. What is the units digit of t?
6
Suppose 6*m = m. Let p(a) = -a**2 + 1. Let q be p(-1). Suppose -v + 5 + m = q. What is the units digit of v?
5
Suppose -a - 4*l - 5 = l, -2*a = -5*l - 20. Suppose i = 4*b - a - 2, -i = -3*b + 6. What is the units digit of b?
1
Let a(r) be the first derivative of -r**4/4 + 11*r**3/3 - 11*r**2/2 + 14*r - 5. What is the units digit of a(10)?
4
Let d(i) = -5*i - 2. Let p = -8 + 5. What is the tens digit of d(p)?
1
Suppose -3*p = 2*h - 12, -5*p = 5*h - 2 - 23. Suppose -3*f - 11 = -w, -f - p*f = 2*w + 23. What is the units digit of (-46)/(-5) - (-1)/f?
9
Suppose 2 = z - 2*z. Let k = z - -13. What is the units digit of k?
1
Let l(m) be the third derivative of m**4/12 + m**3/6 + m**2. Suppose 12 = -3*r - 0, 3*x = -2*r + 1. What is the units digit of l(x)?
7
Suppose 0 = 5*t - 5, 0 = 4*f + 5*t - 6 - 7. Suppose 3*n + 3*z - 53 = 7*z, -4*n = f*z - 56. What is the tens digit of n?
1
Suppose 4*y = -3*u, -4*u + u + y - 15 = 0. Let r be (1/(-1))/((-8)/96). Let m = r - u. What is the tens digit of m?
1
Let t(o) = -3*o**2 - 7*o - 2. Let v(j) = -20*j - 5 - 7*j**2 + 6*j**2 - 9*j**2. Let y(z) = 7*t(z) - 2*v(z). What is the units digit of y(-4)?
6
Let z(u) = u - 5. Let w(s) = s**2 - 3*s - 2. Let t be w(4). Let v(c) = 3*c**2 - 3*c. Let m be v(t). What is the units digit of z(m)?
1
Let u(a) = -2*a**3 - a**2 + 4*a + 3. Let h be u(-2). Suppose -2*y - 1 + h = 0. What is the units digit of (((-9)/(-3))/y)/1?
1
Let z(a) = -2*a + 6. What is the tens digit of z(-12)?
3
Let h(m) = -9*m + 5. Let r(b) = 10*b - 6. Let k(y) = 7*h(y) + 6*r(y). Suppose -2*w + u = -1 + 5, 0 = 4*w + 4*u + 20. What is the units digit of k(w)?
8
Let k(c) = -c**3 - 2*c**2 + 7*c + 6. What is the tens digit of k(-5)?
4
Suppose -2 = -2*x, 3*o = 4*o - 5*x + 1. What is the units digit of o/(-10) + (-416)/(-40)?
0
Let u be (-1 + -1)*3/(-2). Suppose 8 = u*k - 1. Suppose a + k*a = 32. What is the units digit of a?
8
Suppose 4*t - c - 12 = 3*c, t + c = 3. What is the units digit of (t/(-2))/(4/(-8))?
3
Let s = 194 - 48. What is the tens digit of s?
4
Let x(k) = -30*k - 4. What is the tens digit of x(-2)?
5
Suppose -3*g + 3*m + 240 = -0*g, -m + 163 = 2*g. What is the units digit of g?
1
Let c(t) = 8*t**3 - 7*t**2 + t - 1. What is the units digit of c(3)?
5
Suppose 5 = -j, 5*j - 4 - 6 = -5*m. Let s(i) = -i**3 + 7*i**2 + 7*i - 6. What is the tens digit of s(m)?
4
Suppose -q = -2*q + 2*k, k = -q + 3. Suppose -3*p = q*p - 10. What is the units digit of p?
2
Suppose -32 - 2 = -2*b. Suppose 4*m + v - b = 0, -16 = 2*m + m - 5*v. What is the units digit of m?
3
Let u(x) = -x**3 - x**2. Suppose -1 = -3*n + 2. Let m(v) = -3*v**3 - 8*v**2 + 2. Let w(a) = n*m(a) - 4*u(a). What is the units digit of w(4)?
2
Suppose -1 = 3*a - 2*k - 2, -24 = -4*a - 3*k. Suppose a*g - 18 - 24 = 0. What is the units digit of g?
4
Let o(u) = u**2 + 4*u + 3. Let k be o(-4). Suppose -4*m - j + 4*j - 1 = 0, 2*m - 13 = -k*j. What is the units digit of m?
2
Suppose 5*r = 2*v - 54 + 427, -4*v + 154 = 2*r. What is the tens digit of r?
7
Let h = 1 + 2. Let q = 4 + 9. Let b = q - h. What is the tens digit of b?
1
What is the tens digit of 82/(-2)*(-43 - -42)?
4
Let p(w) = -15*w - 3. Let b(g) = 16*g + 4. Let n(f) = 4*b(f) + 5*p(f). What is the tens digit of n(-2)?
2
Let r(p) be the second derivative of p**5/20 + 5*p**4/12 - 7*p**3/6 - p**2 + 2*p. Let t be r(-6). Let k = 7 - t. What is the units digit of k?
3
Let o(r) = 8*r**2 - r. What is the units digit of o(2)?
0
Let z be (2 + -1)/(3/6). Suppose -2*i = z*i - 60. What is the tens digit of i?
1
Let g be 6/(-2) + 9 + -3. Let x be (-226)/(-6) - (-1)/g. Let m = -18 + x. What is the tens digit of m?
2
What is the tens digit of 772/8 - 1/(-2)?
9
Let r be (-4)/(-14) - 198/(-42). Suppose 0 = -j + 4, 10*j = -r*d + 5*j + 150. What is the tens digit of d?
2
Suppose 4*b - 30 = 2*b. What is the units digit of b?
5
Let o be (-350)/(-12) - 2/12. Suppose 226 + o = 5*t. What is the tens digit of t?
5
Let k be 0 + 1 + -1 - -4. Let a be k*-8*2/(-4). Suppose -5*n + 19 + a = 0. What is the units digit of n?
7
Let y(l) = 3*l**2 - l + 5. What is the tens digit of y(5)?
7
Let q = 120 + -74. What is the units digit of q?
6
Let n(b) be the second derivative of -b**3/3 + 3*b**2 - 2*b. What is the tens digit of n(-3)?
1
Let a = -14 - -8. Let h = a - -17. What is the tens digit of h?
1
Suppose -5*a + 17 = u, -4*u + 2 = -a - a. Suppose -u + 12 = 2*r. What is the units digit of r?
5
Let i(g) be the second derivative of -g**3/6 + g**2 + g. Let y be i(-6). Suppose 0 = -4*f + 4*r + y + 4, -5*r = -4*f + 13. What is the units digit of f?
2
Suppose -4*b + 387 = -97. What is the hundreds digit of b?
1
Let i(z) = 3*z**3 - 2*z**2 - 6*z + 4. Let j(b) = b**3 - b**2 - b + 1. Let a(x) = -i(x) + 5*j(x). Let w be a(3). What is the units digit of w/4 + 2/8?
8
Suppose 2*j - 5*p + 1 = 0, -p + 26 = 3*j - 3*p. What is the units digit of j?
2
Suppose -4*r + 276 = 3*d, -178 = -2*r - 5*d - 26. What is the units digit of r?
6
Let x(q) = -4*q + 20. What is the units digit of x(-11)?
4
Let f(s) = -s**3 + 3*s + 2. Let q be f(-2). Suppose 0 = 2*v - 5*c - 19, c + q*c + 2 = v. What is the tens digit of v?
1
Suppose 6 + 25 = 5*h + z, z = h - 5. What is the units digit of -7*(-7)/(21/h)?
4
What is the units digit of 0 + (0 - (-16)/1)?
6
Let o(g) = -g**2 + 4*g + 6. What is the units digit of o(5)?
1
Suppose -3 - 1 = -d. Suppose -3*y = 4*l - 6, l - d*y = -4 + 15. What is the units digit of (-3)/(-9) + 23/l?
8
Let f = -40 + 74. What is the tens digit of f?
3
What is the tens digit of 0 - (17 - -4)/(-1)?
2
Let u = 53 + -26. What is the units digit of (u/12)/(12/160)?
0
Suppose 6*n = 2*n + 40. Let p(g) = g - 1. What is the units digit of p(n)?
9
Let w(i) = i**3 + 4*i**2 + 5*i + 7. What is the units digit of w(-3)?
1
Suppose -m = -6*m + 450. Suppose 0*b + 2*b = m. Suppose -6*w + w + b = 3*l, -4*w - l + 43 = 0. What is the tens digit of w?
1
Let w = -9 + 9. Suppose w = 2*i + 3*i - 10. What is the units digit of i?
2
What is the units digit of (-2 + 1)*(14 + -36)?
2
Suppose -2*o = 3*q - 5*q - 40, -43 = -2*o - q. Suppose -2*i = i - o. Let p(j) = j**2 - 6*j + 5. What is the units digit of p(i)?
2
Let u be 